*f = -5*b + 1 - 16, 3*f - 30 = 3*b. What is the units digit of f?
5
Let d(h) = -h**2 + 8*h + 13. Let r be d(9). Suppose -2*j + 3*g - r = -6*j, -2*j + g = -12. What is the units digit of j?
4
Suppose 2*k + 3*a = -2*k + 113, -2*k + 84 = -4*a. What is the tens digit of k?
3
Let z = -14 + 8. Let x be 0*(z/4)/3. Suppose 0*k - 3*k + 9 = x. What is the units digit of k?
3
Let y be (2 - 0) + (0 - 1). Let r = 3 - y. What is the units digit of -11*3/(-6)*r?
1
Suppose -5*s = -4*v + 429, 2*v - 3*s - 222 = -5. What is the units digit of v?
1
Let b = 42 + -7. What is the tens digit of b?
3
Let d be 2/12 - (-670)/12. Suppose -3*m - 4*t = -50 + 13, -d = -4*m - 2*t. What is the units digit of m?
5
Suppose 0 = -4*o + 3*j - 1, -j = 2*o - 2*j - 1. Suppose -o*a + 0 + 8 = 0. What is the units digit of a?
4
Let i(h) = -h**3 + 4*h**2 + 3. What is the units digit of i(4)?
3
Suppose 0 = 5*d - 8 - 2. Let l(n) = 15 - 14 + 7*n + 0*n. What is the units digit of l(d)?
5
Suppose -2*i = 4*h - 0 - 58, -4*h + 79 = 3*i. Let q = i + -30. What is the units digit of (7/(-21))/(1/q)?
3
What is the units digit of (-25)/(-3) + 10/15?
9
Suppose -3*a + 6*a + 4*o = 401, -o = 4*a - 526. What is the units digit of a?
1
Suppose -i - 1 = -2*b - 3*b, 19 = 3*b + 4*i. Let y be -1 + 3 - b/1. Let c = 3 + y. What is the units digit of c?
4
Let a(k) = -57*k**3 - k**2 - 2*k - 2. What is the tens digit of a(-1)?
5
Suppose 0 = -11*h + 7*h + 240. What is the tens digit of h?
6
Let j = 19 + -11. Let x = 13 - j. What is the units digit of x?
5
Let r(n) = 38*n - 4. What is the units digit of r(1)?
4
Let j = 66 + -96. Let u = j - -52. What is the tens digit of u?
2
What is the units digit of (-2)/(-4)*(-4 + 446 + 4)?
3
Let a = 2 - -156. What is the hundreds digit of a?
1
What is the tens digit of 8/(-20) - (-5560)/25?
2
Suppose -5*t = -x + 11, -133 = -3*x - 3*t - 2*t. What is the units digit of x?
6
Suppose -y + 30 + 32 = -w, -196 = -3*y + w. What is the tens digit of y?
6
Suppose -5*r - 20 = 0, 2*j - 2*r + 4*r = -22. What is the units digit of (-2)/14 + (-85)/j?
2
Suppose 0 = j - 36 - 1. What is the units digit of j?
7
Let k(a) = 2*a - 1. Let i be k(3). Suppose 4*g = -i*x + 3 + 5, 12 = -3*x. What is the units digit of g?
7
Let a be (-2)/4*(-18)/1. Let c = -6 + a. Suppose 0 = j - 2, -2*r = c*r - j - 43. What is the units digit of r?
9
Let y be (-18)/8 + 2/8. Let z(a) = 2*a**2 + 2*a - 1. Let t be z(y). Suppose -2*j + 4 = t*d + d, 5*d = j - 23. What is the units digit of j?
8
Suppose -5 = -5*w, 3*k - 43 = -k + 5*w. Suppose -4*t - q = -10 - k, -4*t + 3*q = -30. What is the units digit of t?
6
Let o(s) be the first derivative of 9*s**2/2 + 6*s + 1. Let n be o(-4). What is the units digit of (-20)/(-3)*(-36)/n?
8
Suppose 0 = -3*a - a - 8. What is the units digit of a/(-6) - (-130)/6?
2
Let n(q) = -7*q - 4. Let v(o) = -6*o - 5. Let s(h) = -4*n(h) + 3*v(h). What is the tens digit of s(1)?
1
Let t be (6/10)/((-1)/(-20)). Let l = t - 1. What is the units digit of l?
1
Suppose 3*f = c + 64, -c = 3*f - 75 + 19. What is the units digit of f?
0
Let g be 9/2*(-4)/(-6). Suppose -b + 42 = g*m - 3*b, 4*m = b + 51. What is the tens digit of m?
1
Let l(p) = -15*p + 7. Let j(m) = 44*m - 20. Let v(o) = -6*j(o) - 17*l(o). Let q be v(-1). What is the units digit of 74/q + (-2)/5?
7
What is the tens digit of (-2253)/(-18) + (-5)/30?
2
Let i be (-2)/6 - 4/(-12). Suppose i*q = q - 1. What is the tens digit of (4 - 6) + q + 13?
1
Let m(c) = c**3 - 9*c**2 - 11*c - 6. Let g be m(11). Suppose -2*x = 2*o + 2*o - 46, g = 5*x - 4*o. What is the tens digit of x?
2
Let p = 86 + -8. What is the units digit of p?
8
Let h(y) = -y**2 + 6*y + 7. Let r be h(7). Suppose r*c = -2*c. Suppose -5*g + 30 = -c. What is the units digit of g?
6
Let t(b) = -b + 8. Let i be t(6). Suppose g + i = -0. What is the tens digit of g*39/(-6)*1?
1
Suppose -d - 1 = -0. Let k = 4 + d. Suppose 0 = -g + 4*n - 13, -4*g = -7*g + 3*n - k. What is the units digit of g?
3
Let y be 2 + -1 + -1 + 2. Suppose 0 = 4*v - 4*k - k - 24, 0 = v - y*k - 6. What is the units digit of v?
6
Let m(v) = -2*v**3 + 3*v**2 - 4. Let w be m(-4). Suppose 4*x + x = 4*z + w, 3*x - 2*z = 102. Suppose x - 8 = 2*t. What is the units digit of t?
2
Let o(a) = a**2 - 14*a - 9. Let g be o(9). Let y = g - -90. What is the tens digit of y?
3
Let l be 54/4 + 1/(-2). Suppose l = j - 21. What is the tens digit of j?
3
Let i(f) = -2*f**3 - 21*f**2 - 9*f + 4. Let r(w) = w**3 + 11*w**2 + 4*w - 2. Let y(s) = 3*i(s) + 5*r(s). What is the units digit of y(-7)?
2
What is the units digit of 3 + 49/(-21) - 13/(-3)?
5
Let q(f) = 5*f**2 + 7*f - 7. What is the tens digit of q(6)?
1
Let d(b) = b**2 - 10*b + 4. Let p be d(10). Suppose -g - 5*i + 24 = -p*i, 4*g - i - 106 = 0. What is the units digit of g?
6
What is the units digit of 8/20*5 + (11 - -3)?
6
Let l be ((-10)/(-4))/(1/2). Suppose l*q + 0*q - 55 = 0. What is the tens digit of q?
1
Suppose l + 33 = 2*l. What is the tens digit of l?
3
Let t(n) = -n + 9. Let r = 23 + -38. What is the tens digit of t(r)?
2
Let z = 7 - 12. Let u = 0 + -11. Let j = z - u. What is the units digit of j?
6
Suppose -190 = -4*n + 3*z + 399, 5*z - 275 = -2*n. What is the tens digit of n?
4
What is the tens digit of (-44 - (3 + -4))/(-1)?
4
Let k = 1 - -14. Suppose -l = -k + 5. What is the units digit of l?
0
Suppose 4*d - 6*d + 32 = 3*y, 3*y - 3*d - 42 = 0. Suppose 4*i - y = 16. What is the units digit of i?
7
Suppose 16 = 4*g - 4*u, 2*u = 4*g + 3*u - 36. Let i = 10 - g. Suppose i*a - 47 = -4*f + 29, -2*f = -3*a - 54. What is the tens digit of f?
2
Let h = 2 - 2. Suppose h*t + 5*t = 25. Let k = -4 + t. What is the units digit of k?
1
Suppose -2*h + 3*h = 3*g - 22, 5*g = -5*h + 10. Let f be 2/(9/g + -1). Suppose d + 2 = 0, 5*k = -f*d - 0 - 3. What is the units digit of k?
1
Let h be (-18)/(-5) - 4/(-10). Suppose -h*u + 20 = 3*i, -4*u - 1 + 5 = -i. What is the units digit of u?
2
Suppose 0 = 3*g + 4*c + 2, 5*g - 26 = -c - 1. Suppose -6*j + 3*j + g = 0. What is the units digit of j?
2
What is the units digit of (2/6 + (-58)/3)*-1?
9
Let t = 0 + 2. Suppose -c - 5 = t*z + 3, 28 = 4*c - 4*z. Let h = c - -6. What is the units digit of h?
8
Let a = -1 - -3. Suppose -5*r - 5 = 0, b - a*r = 15 + 13. What is the tens digit of b?
2
Suppose 8*r = 105 + 103. What is the units digit of r?
6
Suppose -2*o - 5*l - 6 = 0, -o = -0*o + 4*l + 9. Let y = 16 - 11. Suppose -y*j + o = -23. What is the units digit of j?
6
Let b = 30 + 44. Suppose 2*j - 50 = o - 3*o, -3*o - 4*j = -b. Let t = 36 - o. What is the tens digit of t?
1
Let p be (4/4)/1*4. Suppose 32 = p*m - 36. What is the units digit of m?
7
Let w = 67 + 4. What is the tens digit of w?
7
Let w = -10 - -17. Let s = w + -3. Suppose 0 = -7*c + s*c + 6. What is the units digit of c?
2
Let h(o) = o**3 - 10*o**2 + o - 10. Let d be h(10). Let k be (14/4)/(1/2). Let x = d + k. What is the units digit of x?
7
Let b = 3 - 3. Suppose b = 2*j + 6*h - 2*h + 62, -h = -3*j - 58. Let z = 30 + j. What is the units digit of z?
9
Suppose 696 = -5*i + 13*i. What is the tens digit of i?
8
Suppose 2*d = -d. Suppose 0*g - 4*g + 8 = d. What is the units digit of g?
2
Let t(a) = 15*a + 10. Let x(i) = -10*i - 7. Let l(o) = 5*t(o) + 8*x(o). What is the tens digit of l(-5)?
1
Suppose -3*d + 6 + 6 = 0. Suppose 4 + 8 = d*l. What is the units digit of l?
3
Let s(d) = d**3 + d**2 + 2*d + 3. Let b be s(-2). Let k = 9 + b. Suppose 0 = -3*n + k*t + 10, 5*t - t - 20 = -2*n. What is the units digit of n?
6
Let l = -170 - -318. What is the tens digit of l?
4
Suppose 2*g - 1 = 3*g. Let f(z) = -25*z**3 - 3*z - 8. Let c(b) = 17*b**3 + 2*b + 5. Let q(y) = -8*c(y) - 5*f(y). What is the units digit of q(g)?
2
Suppose 0 = 4*o - 4, -4*a + 12 = 4*o - 0*o. What is the units digit of a/(2/1 - 0)?
1
Suppose 4 = -n + 2. Let i(g) = -5*g - 4. What is the units digit of i(n)?
6
Suppose 0*q + 2*q = 0. Let n(l) = -2 + q + 4 + 9*l - l**2. What is the tens digit of n(8)?
1
Let a(q) = -q**3 - 2*q**2 - 5*q - 4. Let f be a(-5). Suppose 5*s - f = 39. What is the tens digit of s?
2
Let d(t) = t**2 - 4*t - 4. Let v be d(5). Suppose -v = 2*n - 53. What is the units digit of n?
6
Let w(l) = -44*l - 2. What is the tens digit of w(-1)?
4
Suppose 3*k - 15 = -0*k. Let c(v) = v**2 - 10*v + 13. Let w be c(9). Suppose 0*s =